{"id":4454,"date":"2021-10-24T20:52:30","date_gmt":"2021-10-24T20:52:30","guid":{"rendered":"https:\/\/lmfc.pt\/?page_id=4454"},"modified":"2025-02-06T22:06:42","modified_gmt":"2025-02-06T22:06:42","slug":"resultados-e-classificacoes","status":"publish","type":"page","link":"https:\/\/lmfc.pt\/?page_id=4454","title":{"rendered":"Resultados e Classifica\u00e7\u00f5es"},"content":{"rendered":"<p>[vc_row][vc_column][ult_createlink title=&#8221;Resultados e Classifica\u00e7\u00f5es- AFS&#8221; btn_link=&#8221;url:https%3A%2F%2Fresultados.fpf.pt%2FCompetition%2FGetCompetitionsByAssociation%3FassociationId%3D233%26seasonId%3D101%26_ga%3D2.134190284.395466763.1635109343-160718622.1628811361|title:Resultados%20e%20Classifica%C3%A7%C3%B5es|target:%20_blank|&#8221; text_color=&#8221;#ff753a&#8221;][\/vc_column][\/vc_row]<\/p>\n","protected":false},"excerpt":{"rendered":"<p>[vc_row][vc_column][ult_createlink title=&#8221;Resultados e Classifica\u00e7\u00f5es- AFS&#8221; btn_link=&#8221;url:https%3A%2F%2Fresultados.fpf.pt%2FCompetition%2FGetCompetitionsByAssociation%3FassociationId%3D233%26seasonId%3D101%26_ga%3D2.134190284.395466763.1635109343-160718622.1628811361|title:Resultados%20e%20Classifica%C3%A7%C3%B5es|target:%20_blank|&#8221; text_color=&#8221;#ff753a&#8221;][\/vc_column][\/vc_row]<\/p>\n","protected":false},"author":2,"featured_media":0,"parent":0,"menu_order":0,"comment_status":"closed","ping_status":"closed","template":"","meta":{"site-sidebar-layout":"default","site-content-layout":"","ast-site-content-layout":"default","site-content-style":"default","site-sidebar-style":"default","ast-global-header-display":"","ast-banner-title-visibility":"","ast-main-header-display":"","ast-hfb-above-header-display":"","ast-hfb-below-header-display":"","ast-hfb-mobile-header-display":"","site-post-title":"","ast-breadcrumbs-content":"","ast-featured-img":"","footer-sml-layout":"","ast-disable-related-posts":"","theme-transparent-header-meta":"","adv-header-id-meta":"","stick-header-meta":"","header-above-stick-meta":"","header-main-stick-meta":"","header-below-stick-meta":"","astra-migrate-meta-layouts":"default","ast-page-background-enabled":"default","ast-page-background-meta":{"desktop":{"background-color":"","background-image":"","background-repeat":"repeat","background-position":"center center","background-size":"auto","background-attachment":"scroll","background-type":"","background-media":"","overlay-type":"","overlay-color":"","overlay-opacity":"","overlay-gradient":""},"tablet":{"background-color":"","background-image":"","background-repeat":"repeat","background-position":"center center","background-size":"auto","background-attachment":"scroll","background-type":"","background-media":"","overlay-type":"","overlay-color":"","overlay-opacity":"","overlay-gradient":""},"mobile":{"background-color":"","background-image":"","background-repeat":"repeat","background-position":"center center","background-size":"auto","background-attachment":"scroll","background-type":"","background-media":"","overlay-type":"","overlay-color":"","overlay-opacity":"","overlay-gradient":""}},"ast-content-background-meta":{"desktop":{"background-color":"var(--ast-global-color-5)","background-image":"","background-repeat":"repeat","background-position":"center center","background-size":"auto","background-attachment":"scroll","background-type":"","background-media":"","overlay-type":"","overlay-color":"","overlay-opacity":"","overlay-gradient":""},"tablet":{"background-color":"var(--ast-global-color-5)","background-image":"","background-repeat":"repeat","background-position":"center center","background-size":"auto","background-attachment":"scroll","background-type":"","background-media":"","overlay-type":"","overlay-color":"","overlay-opacity":"","overlay-gradient":""},"mobile":{"background-color":"var(--ast-global-color-5)","background-image":"","background-repeat":"repeat","background-position":"center center","background-size":"auto","background-attachment":"scroll","background-type":"","background-media":"","overlay-type":"","overlay-color":"","overlay-opacity":"","overlay-gradient":""}},"footnotes":""},"class_list":["post-4454","page","type-page","status-publish","hentry"],"yoast_head":"<!-- This site is optimized with the Yoast SEO plugin v27.6 - https:\/\/yoast.com\/product\/yoast-seo-wordpress\/ -->\n<title>Resultados e Classifica\u00e7\u00f5es - LARANJA MEC\u00c2NICA FUTSAL CLUBE<\/title>\n<meta name=\"robots\" content=\"index, follow, max-snippet:-1, max-image-preview:large, max-video-preview:-1\" \/>\n<link rel=\"canonical\" href=\"https:\/\/lmfc.pt\/?page_id=4454\" \/>\n<meta property=\"og:locale\" content=\"pt_PT\" \/>\n<meta property=\"og:type\" content=\"article\" \/>\n<meta property=\"og:title\" content=\"Resultados e Classifica\u00e7\u00f5es - LARANJA MEC\u00c2NICA FUTSAL CLUBE\" \/>\n<meta property=\"og:description\" content=\"[vc_row][vc_column][ult_createlink title=&#8221;Resultados e Classifica\u00e7\u00f5es- AFS&#8221; btn_link=&#8221;url:https%3A%2F%2Fresultados.fpf.pt%2FCompetition%2FGetCompetitionsByAssociation%3FassociationId%3D233%26seasonId%3D101%26_ga%3D2.134190284.395466763.1635109343-160718622.1628811361|title:Resultados%20e%20Classifica%C3%A7%C3%B5es|target:%20_blank|&#8221; text_color=&#8221;#ff753a&#8221;][\/vc_column][\/vc_row]\" \/>\n<meta property=\"og:url\" content=\"https:\/\/lmfc.pt\/?page_id=4454\" \/>\n<meta property=\"og:site_name\" content=\"LARANJA MEC\u00c2NICA FUTSAL CLUBE\" \/>\n<meta property=\"article:publisher\" content=\"https:\/\/www.facebook.com\/LMFCAcademiaXS\" \/>\n<meta property=\"article:modified_time\" content=\"2025-02-06T22:06:42+00:00\" \/>\n<meta name=\"twitter:card\" content=\"summary_large_image\" \/>\n<script type=\"application\/ld+json\" class=\"yoast-schema-graph\">{\"@context\":\"https:\\\/\\\/schema.org\",\"@graph\":[{\"@type\":\"WebPage\",\"@id\":\"https:\\\/\\\/lmfc.pt\\\/?page_id=4454\",\"url\":\"https:\\\/\\\/lmfc.pt\\\/?page_id=4454\",\"name\":\"Resultados e Classifica\u00e7\u00f5es - LARANJA MEC\u00c2NICA FUTSAL CLUBE\",\"isPartOf\":{\"@id\":\"https:\\\/\\\/lmfc.pt\\\/#website\"},\"datePublished\":\"2021-10-24T20:52:30+00:00\",\"dateModified\":\"2025-02-06T22:06:42+00:00\",\"breadcrumb\":{\"@id\":\"https:\\\/\\\/lmfc.pt\\\/?page_id=4454#breadcrumb\"},\"inLanguage\":\"pt-PT\",\"potentialAction\":[{\"@type\":\"ReadAction\",\"target\":[\"https:\\\/\\\/lmfc.pt\\\/?page_id=4454\"]}]},{\"@type\":\"BreadcrumbList\",\"@id\":\"https:\\\/\\\/lmfc.pt\\\/?page_id=4454#breadcrumb\",\"itemListElement\":[{\"@type\":\"ListItem\",\"position\":1,\"name\":\"In\u00edcio\",\"item\":\"https:\\\/\\\/lmfc.pt\\\/\"},{\"@type\":\"ListItem\",\"position\":2,\"name\":\"Resultados e Classifica\u00e7\u00f5es\"}]},{\"@type\":\"WebSite\",\"@id\":\"https:\\\/\\\/lmfc.pt\\\/#website\",\"url\":\"https:\\\/\\\/lmfc.pt\\\/\",\"name\":\"LARANJA MEC\u00c2NICA FUTSAL CLUBE\",\"description\":\"LARANJA MEC\u00c2NICA FUTSAL CLUBE\",\"publisher\":{\"@id\":\"https:\\\/\\\/lmfc.pt\\\/#organization\"},\"potentialAction\":[{\"@type\":\"SearchAction\",\"target\":{\"@type\":\"EntryPoint\",\"urlTemplate\":\"https:\\\/\\\/lmfc.pt\\\/?s={search_term_string}\"},\"query-input\":{\"@type\":\"PropertyValueSpecification\",\"valueRequired\":true,\"valueName\":\"search_term_string\"}}],\"inLanguage\":\"pt-PT\"},{\"@type\":\"Organization\",\"@id\":\"https:\\\/\\\/lmfc.pt\\\/#organization\",\"name\":\"LARANJA MEC\u00c2NICA FUTSAL CLUBE\",\"url\":\"https:\\\/\\\/lmfc.pt\\\/\",\"logo\":{\"@type\":\"ImageObject\",\"inLanguage\":\"pt-PT\",\"@id\":\"https:\\\/\\\/lmfc.pt\\\/#\\\/schema\\\/logo\\\/image\\\/\",\"url\":\"https:\\\/\\\/lmfc.pt\\\/wp-content\\\/uploads\\\/2020\\\/12\\\/LOGO-LMFC.png\",\"contentUrl\":\"https:\\\/\\\/lmfc.pt\\\/wp-content\\\/uploads\\\/2020\\\/12\\\/LOGO-LMFC.png\",\"width\":1080,\"height\":1080,\"caption\":\"LARANJA MEC\u00c2NICA FUTSAL CLUBE\"},\"image\":{\"@id\":\"https:\\\/\\\/lmfc.pt\\\/#\\\/schema\\\/logo\\\/image\\\/\"},\"sameAs\":[\"https:\\\/\\\/www.facebook.com\\\/LMFCAcademiaXS\"]}]}<\/script>\n<!-- \/ Yoast SEO plugin. -->","yoast_head_json":{"title":"Resultados e Classifica\u00e7\u00f5es - LARANJA MEC\u00c2NICA FUTSAL CLUBE","robots":{"index":"index","follow":"follow","max-snippet":"max-snippet:-1","max-image-preview":"max-image-preview:large","max-video-preview":"max-video-preview:-1"},"canonical":"https:\/\/lmfc.pt\/?page_id=4454","og_locale":"pt_PT","og_type":"article","og_title":"Resultados e Classifica\u00e7\u00f5es - LARANJA MEC\u00c2NICA FUTSAL CLUBE","og_description":"[vc_row][vc_column][ult_createlink title=&#8221;Resultados e Classifica\u00e7\u00f5es- AFS&#8221; btn_link=&#8221;url:https%3A%2F%2Fresultados.fpf.pt%2FCompetition%2FGetCompetitionsByAssociation%3FassociationId%3D233%26seasonId%3D101%26_ga%3D2.134190284.395466763.1635109343-160718622.1628811361|title:Resultados%20e%20Classifica%C3%A7%C3%B5es|target:%20_blank|&#8221; text_color=&#8221;#ff753a&#8221;][\/vc_column][\/vc_row]","og_url":"https:\/\/lmfc.pt\/?page_id=4454","og_site_name":"LARANJA MEC\u00c2NICA FUTSAL CLUBE","article_publisher":"https:\/\/www.facebook.com\/LMFCAcademiaXS","article_modified_time":"2025-02-06T22:06:42+00:00","twitter_card":"summary_large_image","schema":{"@context":"https:\/\/schema.org","@graph":[{"@type":"WebPage","@id":"https:\/\/lmfc.pt\/?page_id=4454","url":"https:\/\/lmfc.pt\/?page_id=4454","name":"Resultados e Classifica\u00e7\u00f5es - LARANJA MEC\u00c2NICA FUTSAL CLUBE","isPartOf":{"@id":"https:\/\/lmfc.pt\/#website"},"datePublished":"2021-10-24T20:52:30+00:00","dateModified":"2025-02-06T22:06:42+00:00","breadcrumb":{"@id":"https:\/\/lmfc.pt\/?page_id=4454#breadcrumb"},"inLanguage":"pt-PT","potentialAction":[{"@type":"ReadAction","target":["https:\/\/lmfc.pt\/?page_id=4454"]}]},{"@type":"BreadcrumbList","@id":"https:\/\/lmfc.pt\/?page_id=4454#breadcrumb","itemListElement":[{"@type":"ListItem","position":1,"name":"In\u00edcio","item":"https:\/\/lmfc.pt\/"},{"@type":"ListItem","position":2,"name":"Resultados e Classifica\u00e7\u00f5es"}]},{"@type":"WebSite","@id":"https:\/\/lmfc.pt\/#website","url":"https:\/\/lmfc.pt\/","name":"LARANJA MEC\u00c2NICA FUTSAL CLUBE","description":"LARANJA MEC\u00c2NICA FUTSAL CLUBE","publisher":{"@id":"https:\/\/lmfc.pt\/#organization"},"potentialAction":[{"@type":"SearchAction","target":{"@type":"EntryPoint","urlTemplate":"https:\/\/lmfc.pt\/?s={search_term_string}"},"query-input":{"@type":"PropertyValueSpecification","valueRequired":true,"valueName":"search_term_string"}}],"inLanguage":"pt-PT"},{"@type":"Organization","@id":"https:\/\/lmfc.pt\/#organization","name":"LARANJA MEC\u00c2NICA FUTSAL CLUBE","url":"https:\/\/lmfc.pt\/","logo":{"@type":"ImageObject","inLanguage":"pt-PT","@id":"https:\/\/lmfc.pt\/#\/schema\/logo\/image\/","url":"https:\/\/lmfc.pt\/wp-content\/uploads\/2020\/12\/LOGO-LMFC.png","contentUrl":"https:\/\/lmfc.pt\/wp-content\/uploads\/2020\/12\/LOGO-LMFC.png","width":1080,"height":1080,"caption":"LARANJA MEC\u00c2NICA FUTSAL CLUBE"},"image":{"@id":"https:\/\/lmfc.pt\/#\/schema\/logo\/image\/"},"sameAs":["https:\/\/www.facebook.com\/LMFCAcademiaXS"]}]}},"_links":{"self":[{"href":"https:\/\/lmfc.pt\/index.php?rest_route=\/wp\/v2\/pages\/4454","targetHints":{"allow":["GET"]}}],"collection":[{"href":"https:\/\/lmfc.pt\/index.php?rest_route=\/wp\/v2\/pages"}],"about":[{"href":"https:\/\/lmfc.pt\/index.php?rest_route=\/wp\/v2\/types\/page"}],"author":[{"embeddable":true,"href":"https:\/\/lmfc.pt\/index.php?rest_route=\/wp\/v2\/users\/2"}],"replies":[{"embeddable":true,"href":"https:\/\/lmfc.pt\/index.php?rest_route=%2Fwp%2Fv2%2Fcomments&post=4454"}],"version-history":[{"count":3,"href":"https:\/\/lmfc.pt\/index.php?rest_route=\/wp\/v2\/pages\/4454\/revisions"}],"predecessor-version":[{"id":4462,"href":"https:\/\/lmfc.pt\/index.php?rest_route=\/wp\/v2\/pages\/4454\/revisions\/4462"}],"wp:attachment":[{"href":"https:\/\/lmfc.pt\/index.php?rest_route=%2Fwp%2Fv2%2Fmedia&parent=4454"}],"curies":[{"name":"wp","href":"https:\/\/api.w.org\/{rel}","templated":true}]}}